2 - 7*l - 7. Give r(-2).
-37
Let x(g) = g**2 + 6*g - 22. What is x(-9)?
5
Let w(a) = 39*a**3 - a - 1. Give w(-1).
-39
Let f(l) = -7*l - 8. Determine f(0).
-8
Let w(f) = -f**2 - 18*f - 55. Give w(-4).
1
Let u(c) = -c**2 + 38*c + 2. Calculate u(38).
2
Let j(l) = -l**2 - 12*l - 16. Calculate j(-11).
-5
Let z(j) = -16*j + 46. Determine z(3).
-2
Let h(a) = a**3 - a**2 + 2. Determine h(-1).
0
Let j(k) = -k**2 - 12*k + 21. What is j(-12)?
21
Let m(f) = -f**3 + 12*f**2 - 17*f - 4. Calculate m(10).
26
Let n(r) = r**3 + 6*r**2 + 8*r - 3. What is n(-5)?
-18
Let b(l) = -l**3 - 13*l**2 + 2*l + 19. Determine b(-13).
-7
Let h(p) = p + 26. Determine h(-17).
9
Let x(f) = -f**2 - f - 6. What is x(0)?
-6
Let l(m) = -m - 7. What is l(-12)?
5
Let l(b) = 2*b**2 - 13*b - 1. Determine l(10).
69
Let z(t) = -t**3 - 4*t**2 - 2*t + 2. Calculate z(-3).
-1
Let p(b) = 5*b - 28. Give p(7).
7
Let r(t) = t**2 + 17*t + 34. What is r(-13)?
-18
Let y(k) = -2*k - 16. Give y(-8).
0
Let p(i) = 3*i**2 + 109*i - 188. Calculate p(-38).
2
Let z(v) = v**3 - 8*v**2 - 20*v + 1. Give z(10).
1
Let c(z) = 3*z - 4. Determine c(2).
2
Let i(q) = -16*q - 79. Calculate i(-5).
1
Let x(y) = y**2 - 78*y - 972. Calculate x(89).
7
Let d(y) = 5*y**2 + 2*y + 3. What is d(-2)?
19
Let s(o) = -o**3 + 12*o**2 - 12*o + 5. Determine s(11).
-6
Let l(v) = 6*v**2 + 27*v - 2. What is l(-6)?
52
Let n(r) = r**3 - 5*r**2 + 11. Determine n(5).
11
Let w(n) = -n**2 + 6*n + 8. What is w(7)?
1
Let q(p) = -p**3 - 3*p**2 - 2*p - 3. Calculate q(-2).
-3
Let n(j) = -4*j. Determine n(4).
-16
Let x(v) = -2*v - 29. Determine x(-16).
3
Let g(m) = -4*m - 20. Determine g(-3).
-8
Let t(b) = b**2 - 4*b + 9. Calculate t(5).
14
Let w(c) = -c**2 + 20*c + 802. What is w(40)?
2
Let q(b) = -b**3 + 3*b**2 + b. Give q(-1).
3
Let f(q) = q**2 - 10*q + 16. Calculate f(5).
-9
Let b(z) = -z**2 - 17*z - 37. Determine b(-13).
15
Let s(t) = 52*t + 156. What is s(-3)?
0
Let v(p) = -p**2 + 8*p + 47. Determine v(-4).
-1
Let g(s) = -s - 3. What is g(8)?
-11
Let v(a) = 3*a**2 + 5*a + 9. Give v(-4).
37
Let h(s) = -6*s**2 + s. Give h(2).
-22
Let i(r) = -21*r + 176. Calculate i(8).
8
Let f(w) = 2*w**2 + 5*w - 6. Give f(2).
12
Let q(b) = 4*b - 12. Give q(3).
0
Let c(l) = 8*l - 12. Give c(0).
-12
Let o(y) = -24*y**3 + y**2 - 3*y + 1. Determine o(1).
-25
Let g(i) = 8*i + 7. Calculate g(12).
103
Let b(q) = -q**3 - q - 1. What is b(0)?
-1
Let k(i) = -14*i + 18. What is k(7)?
-80
Let f(r) = -7*r - 33. What is f(-6)?
9
Let j(f) = f**3 - 14*f**2 + 3*f - 1. Give j(14).
41
Let i(v) = v**2 + 11*v - 103. Determine i(6).
-1
Let f(q) = q**2 - 22*q + 114. Give f(10).
-6
Let z(x) = -x**2 + 10*x + 27. Determine z(13).
-12
Let j(q) = -15*q - 14. Give j(7).
-119
Let j(z) = z**3 - 13*z**2 - 15*z + 31. Calculate j(14).
17
Let d(z) = z**3 - 13*z**2 + 13*z - 7. Calculate d(12).
5
Let z(v) = -v**3 - 12*v**2 + 13*v + 8. Give z(-13).
8
Let f(n) = -n + 14. What is f(16)?
-2
Let w(o) = -5*o + 9. Determine w(-11).
64
Let h(r) = r**3 - 8*r**2 + 12*r - 2. What is h(4)?
-18
Let h(p) = p**3 - 9*p**2 + 7*p + 7. What is h(6)?
-59
Let p(u) = 19*u - 2. Calculate p(-1).
-21
Let c(u) = u**2 - 5*u + 9. Determine c(6).
15
Let n(h) = 5*h**2 + 29*h + 12. Determine n(-5).
-8
Let p(y) = -y**2 - 11*y + 27. Calculate p(-14).
-15
Let u(z) = -z**3 + 3*z**2 + 5*z + 17. Calculate u(5).
-8
Let z(n) = n**2 - 17*n + 24. Determine z(16).
8
Let h(a) = -a**2 - 12*a - 15. Determine h(-7).
20
Let f(b) = -2*b**2 + 6*b - 1. Give f(5).
-21
Let d(q) = q**2 + 35*q - 340. Determine d(8).
4
Let i(m) = -6*m + 7. Calculate i(-5).
37
Let n(b) = -b**3 + 9*b**2 + 21*b + 18. Calculate n(11).
7
Let o(w) = 3*w**2 + 2*w - 9. What is o(4)?
47
Let a(c) = c - 41. Calculate a(0).
-41
Let j(a) = 14*a - 86. What is j(6)?
-2
Let j(r) = r**2 - 3*r - 7. Give j(5).
3
Let a(f) = 2*f + 3. What is a(4)?
11
Let z(p) = 69*p**2 - p. Give z(1).
68
Let z(b) = -3*b - 8. Give z(-7).
13
Let g(a) = -a**2 + 11*a + 3. Give g(6).
33
Let f(m) = -m**2 - 4*m. What is f(-3)?
3
Let n(w) = w**3 + 13*w**2 + 25*w + 8. Give n(-11).
-25
Let b(m) = m**3 - 4*m**2 - 8*m + 6. What is b(5)?
-9
Let z(v) = 16*v + 2. Give z(1).
18
Let r(y) = 8*y + 33. Calculate r(-7).
-23
Let q(s) = -2*s**2 + s. Calculate q(1).
-1
Let o(i) = i**3 + 9*i**2 - 13*i - 21. Give o(-10).
9
Let c(w) = w**2 + 4*w - 23. Determine c(-8).
9
Let j(a) = 3*a - 59. Calculate j(15).
-14
Let j(k) = -k**3 + 8*k**2 + 31*k - 241. Determine j(8).
7
Let j(m) = m**2 - 10*m + 9. What is j(14)?
65
Let a(n) = -n**2 + 13*n - 14. Calculate a(11).
8
Let n(s) = -s**3 + 17*s**2 - 17*s + 7. Give n(16).
-9
Let c(b) = -2*b + 6. What is c(8)?
-10
Let b(s) = s**3 - 4*s**2 + s - 42. Calculate b(5).
-12
Let y(k) = -43*k - 3. Determine y(1).
-46
Let m(x) = -254*x + 1277. What is m(5)?
7
Let m(n) = -n - 3. Calculate m(4).
-7
Let o(p) = -3*p**2 - 8*p + 1. Calculate o(2).
-27
Let v(l) = -3*l**3 + 31*l**2 + 15*l + 83. Determine v(11).
6
Let h(j) = -j**2 + 21. What is h(-4)?
5
Let y(s) = -17*s - 61. Determine y(-3).
-10
Let b(f) = f**3 - 7*f**2 - 3*f - 40. Calculate b(8).
0
Let j(r) = -2*r**2 - r + 10. Calculate j(-3).
-5
Let m(x) = -x**3 - 8*x**2 - 11*x + 3. Give m(-4).
-17
Let u(w) = -w + 27. Give u(0).
27
Let t(q) = 9*q - 3. What is t(0)?
-3
Let c(j) = 35*j + 12. Give c(1).
47
Let i(u) = -2*u + 38. Calculate i(-17).
72
Let m(v) = v + 7. Give m(4).
11
Let i(l) = 15*l**3 - 3*l**2 + 4*l - 1. Determine i(1).
15
Let t(p) = 4*p**2 - 21*p + 7. Calculate t(6).
25
Let w(f) = -f**2 - 9*f - 1. What is w(-5)?
19
Let h(u) = -2*u - 10. Calculate h(-6).
2
Let q(o) = o**2 + 9*o + 42. Calculate q(-5).
22
Let y(z) = 4*z**3 + 2*z**2 + 7*z + 2. Determine y(-2).
-36
Let j(d) = d**3 + 17*d**2 + 11*d - 77. Give j(-16).
3
Let l(f) = f**3 + 11*f**2 + 3*f - 42. Give l(-10).
28
Let j(a) = -10*a - 76. Give j(-8).
4
Let u(n) = n**3 - 5*n**2 + 8. What is u(5)?
8
Let w(i) = 10*i - 305. Calculate w(30).
-5
Let l(t) = -t**2 + 15*t - 62. Calculate l(7).
-6
Let b(q) = -q**3 - 7*q**2 + 9*q + 12. Give b(-8).
4
Let n(c) = -2*c - 5. Determine n(-3).
1
Let c(w) = w**2 - 9*w - 4. Determine c(9).
-4
Let a(l) = -30*l + 31. What is a(2)?
-29
Let r(p) = -2*p**2 - 8*p + 10. Calculate r(-5).
0
Let z(j) = -j**3 + 6*j**2 - 35*j + 152. Calculate z(5).
2
Let a(d) = -5*d + 7. What is a(5)?
-18
Let j(t) = t + 7. Determine j(-6).
1
Let i(c) = -c + 4. Determine i(18).
-14
Let h(l) = 10*l - 4. Determine h(4).
36
Let q(r) = 4*r - 1. Determine q(6).
23
Let r(x) = -3*x + 26. What is r(12)?
-10
Let r(d) = d**3 - 12*d**2 - 17*d + 19. Determine r(13).
-33
Let f(a) = -3*a + 14. Calculate f(-5).
29
Let a(j) = -3*j - 18. Calculate a(-8).
6
Let n(h) = 42*h - 964. Determine n(23).
2
Let f(k) = -20*k - 21. Give f(-3).
39
Let y(j) = -j**2 - 2*j + 8. What is y(-6)?
-16
Let k(p) = -p**3 + 9*p**2 + p - 9. Determine k(9).
0
Let b(r) = r**3 - 3*r**2 + 2*r - 1. Calculate b(4).
23
Let w(k) = 6*k + 107. What is w(-29)?
-67
Let y(m) = m**2 + m - 24. Give y(0).
-24
Let d(v) = v**2 + 15*v + 60. Calculate d(-9).
6
Let k(z) = -z**3 - 68*z**2 - 65*z + 137. Give k(-67).
3
Let u(d) = -3*d**2 + 79*d - 26. Give u(26).
0
Let w(q) = -3*q + 49. Calculate w(14).
7
Let x(y) = -y**2 + 3*y + 3. Give x(-2).
-7
Let w(u) = 6*u**2 + u. Calculate w(1).
7
Let a(r) = -r**3 - 16*r**2 - 15*r - 6. Give a(-15).
-6
Let o(k) = -k**2 + 7*k + 33. What is o(10)?
3
Let d(x) = -x**2 - 52*x - 316. What is d(-7)?
-1
Let n(d) = 3*d + 5. Determine n(-3).
-4
Let f(v) = -2*v - 2. What is f(2)?
-6
Let k(d) = -d**3 - 9*d**2 - 3*d - 13. What is k(-9)?
14
Let p(j) = j**3 - 6*j**2 - 8*j + 7. Calculate p(7).
0
Let f(c) = 5*c + 17. Determine f(0).
17
Let t(h) = -h**3 + 23*h**2 - 43*h + 25. Give t(21).
4
Let n(z) = -z + 9. Determine n(0).
9
Let t(n) = n**2 - 37*n + 13. What is t(36)?
-23
Let l(j) = 5*j - 12. Calculate l(5).
13
Let x(g) = -6*g - 66. Give x(-11).
0
Let v(j) = -j**3 + 13*j**2 + 16*j - 15. What is v(14)?
13
Let f(y) = -9*y**2 - 3*y + 3. Determine f(2).
-39
Let t(p) = p - 3. What is t(-9)?
-12
Let w(x) = -3*x**2 - 2*x + 3. What is w(3)?
-30
Let t(b) = -2*b**3 - 20*b**2 - 28*b + 26. Give t(-8).
-6
Let i(h) = -h. What is i(2)?
-2
Let p(h) = h + 1. What is p(-7)?
-6
Let x(n) = 2*n**3 - 9*n**2 - 9*n + 14. Calculate x(5).
-6
Let f(a) = 14*a - 3. What is f(-4)?
-59
Let p(l) = 13*l - 90. Determine p(7).
1
Let c(u) = -u**3 - 11*u**2 + 10*u - 11. 